[INFO] fetching crate lebicon 3.0.0...
[INFO] checking lebicon-3.0.0 against try#72f88fc4e9458f89516a0b8b0868f3718aec5b47 for pr-74989
[INFO] extracting crate lebicon 3.0.0 into /workspace/builds/worker-2/source
[INFO] validating manifest of crates.io crate lebicon 3.0.0 on toolchain 72f88fc4e9458f89516a0b8b0868f3718aec5b47
[INFO] running `Command { std: "/workspace/cargo-home/bin/cargo" "+72f88fc4e9458f89516a0b8b0868f3718aec5b47" "read-manifest" "--manifest-path" "Cargo.toml", kill_on_drop: false }`
[INFO] started tweaking crates.io crate lebicon 3.0.0
[INFO] finished tweaking crates.io crate lebicon 3.0.0
[INFO] tweaked toml for crates.io crate lebicon 3.0.0 written to /workspace/builds/worker-2/source/Cargo.toml
[INFO] running `Command { std: "/workspace/cargo-home/bin/cargo" "+72f88fc4e9458f89516a0b8b0868f3718aec5b47" "generate-lockfile" "--manifest-path" "Cargo.toml" "-Zno-index-update", kill_on_drop: false }`
[INFO] running `Command { std: "/workspace/cargo-home/bin/cargo" "+72f88fc4e9458f89516a0b8b0868f3718aec5b47" "fetch" "--locked" "--manifest-path" "Cargo.toml", kill_on_drop: false }`
[INFO] [stderr]  Downloading crates ...
[INFO] [stderr]   Downloaded codicon v2.1.0
[INFO] [stderr]   Downloaded signrel v1.0.2
[INFO] [stderr]   Downloaded uabs v1.0.0
[INFO] running `Command { std: "docker" "create" "-v" "/var/lib/crater-agent-workspace/builds/worker-2/target:/opt/rustwide/target:rw,Z" "-v" "/var/lib/crater-agent-workspace/builds/worker-2/source:/opt/rustwide/workdir:ro,Z" "-v" "/var/lib/crater-agent-workspace/cargo-home:/opt/rustwide/cargo-home:ro,Z" "-v" "/var/lib/crater-agent-workspace/rustup-home:/opt/rustwide/rustup-home:ro,Z" "-e" "SOURCE_DIR=/opt/rustwide/workdir" "-e" "CARGO_TARGET_DIR=/opt/rustwide/target" "-e" "CARGO_HOME=/opt/rustwide/cargo-home" "-e" "RUSTUP_HOME=/opt/rustwide/rustup-home" "-w" "/opt/rustwide/workdir" "-m" "1610612736" "--user" "0:0" "--network" "none" "rustops/crates-build-env@sha256:d92eaeed33fa75130ca1ee6c8a01d1ffb62bac859dfdfb3450e3e5d1c0146529" "/opt/rustwide/cargo-home/bin/cargo" "+72f88fc4e9458f89516a0b8b0868f3718aec5b47" "metadata" "--no-deps" "--format-version=1", kill_on_drop: false }`
[INFO] [stdout] dfe7cf6139d662c0e26eea2db6a07adeb40d972d5bd390304e6e4cec4b624a38
[INFO] [stderr] WARNING: Your kernel does not support swap limit capabilities or the cgroup is not mounted. Memory limited without swap.
[INFO] running `Command { std: "docker" "start" "-a" "dfe7cf6139d662c0e26eea2db6a07adeb40d972d5bd390304e6e4cec4b624a38", kill_on_drop: false }`
[INFO] running `Command { std: "docker" "inspect" "dfe7cf6139d662c0e26eea2db6a07adeb40d972d5bd390304e6e4cec4b624a38", kill_on_drop: false }`
[INFO] running `Command { std: "docker" "rm" "-f" "dfe7cf6139d662c0e26eea2db6a07adeb40d972d5bd390304e6e4cec4b624a38", kill_on_drop: false }`
[INFO] [stdout] dfe7cf6139d662c0e26eea2db6a07adeb40d972d5bd390304e6e4cec4b624a38
[INFO] running `Command { std: "docker" "create" "-v" "/var/lib/crater-agent-workspace/builds/worker-2/target:/opt/rustwide/target:rw,Z" "-v" "/var/lib/crater-agent-workspace/builds/worker-2/source:/opt/rustwide/workdir:ro,Z" "-v" "/var/lib/crater-agent-workspace/cargo-home:/opt/rustwide/cargo-home:ro,Z" "-v" "/var/lib/crater-agent-workspace/rustup-home:/opt/rustwide/rustup-home:ro,Z" "-e" "SOURCE_DIR=/opt/rustwide/workdir" "-e" "CARGO_TARGET_DIR=/opt/rustwide/target" "-e" "CARGO_INCREMENTAL=0" "-e" "RUST_BACKTRACE=full" "-e" "RUSTFLAGS=--cap-lints=forbid" "-e" "CARGO_HOME=/opt/rustwide/cargo-home" "-e" "RUSTUP_HOME=/opt/rustwide/rustup-home" "-w" "/opt/rustwide/workdir" "-m" "1610612736" "--user" "0:0" "--network" "none" "rustops/crates-build-env@sha256:d92eaeed33fa75130ca1ee6c8a01d1ffb62bac859dfdfb3450e3e5d1c0146529" "/opt/rustwide/cargo-home/bin/cargo" "+72f88fc4e9458f89516a0b8b0868f3718aec5b47" "check" "--frozen" "--all" "--all-targets" "--message-format=json", kill_on_drop: false }`
[INFO] [stdout] 9e1c8cb89fbf70cd105f9d064bc6b090a31bb1a81dc9fe728f357af8c57948c8
[INFO] [stderr] WARNING: Your kernel does not support swap limit capabilities or the cgroup is not mounted. Memory limited without swap.
[INFO] running `Command { std: "docker" "start" "-a" "9e1c8cb89fbf70cd105f9d064bc6b090a31bb1a81dc9fe728f357af8c57948c8", kill_on_drop: false }`
[INFO] [stderr]    Compiling uabs v1.0.0
[INFO] [stderr]    Compiling codicon v2.1.0
[INFO] [stderr]     Checking signrel v1.0.2
[INFO] [stderr]     Checking leb128 v0.2.4
[INFO] [stderr]     Checking lebicon v3.0.0 (/opt/rustwide/workdir)
[INFO] [stdout] error[E0308]: mismatched types
[INFO] [stdout]    --> src/lib.rs:172:38
[INFO] [stdout]     |
[INFO] [stdout] 172 |                 while value.uabs() > Self::MAX {
[INFO] [stdout]     |                                      ^^^^^^^^^ expected `usize`, found `isize`
[INFO] [stdout] ...
[INFO] [stdout] 183 | leb_impl! { isize:usize i128:u128 i64:u64 i32:u32 i16:u16 i8:u8 }
[INFO] [stdout]     | ----------------------------------------------------------------- in this macro invocation
[INFO] [stdout]     |
[INFO] [stdout]     = note: this error originates in a macro (in Nightly builds, run with -Z macro-backtrace for more info)
[INFO] [stdout] help: you can convert an `isize` to `usize` and panic if the converted value wouldn't fit
[INFO] [stdout]     |
[INFO] [stdout] 172 |                 while value.uabs() > Self::MAX.try_into().unwrap() {
[INFO] [stdout]     |                                      ^^^^^^^^^^^^^^^^^^^^^^^^^^^^^
[INFO] [stdout] 
[INFO] [stdout] 
[INFO] [stdout] error[E0308]: mismatched types
[INFO] [stdout]    --> src/lib.rs:172:38
[INFO] [stdout]     |
[INFO] [stdout] 172 |                 while value.uabs() > Self::MAX {
[INFO] [stdout]     |                                      ^^^^^^^^^ expected `usize`, found `isize`
[INFO] [stdout] ...
[INFO] [stdout] 183 | leb_impl! { isize:usize i128:u128 i64:u64 i32:u32 i16:u16 i8:u8 }
[INFO] [stdout]     | ----------------------------------------------------------------- in this macro invocation
[INFO] [stdout]     |
[INFO] [stdout]     = note: this error originates in a macro (in Nightly builds, run with -Z macro-backtrace for more info)
[INFO] [stdout] help: you can convert an `isize` to `usize` and panic if the converted value wouldn't fit
[INFO] [stdout]     |
[INFO] [stdout] 172 |                 while value.uabs() > Self::MAX.try_into().unwrap() {
[INFO] [stdout]     |                                      ^^^^^^^^^^^^^^^^^^^^^^^^^^^^^
[INFO] [stdout] 
[INFO] [stdout] 
[INFO] [stdout] error[E0308]: mismatched types
[INFO] [stdout]    --> src/lib.rs:172:38
[INFO] [stdout]     |
[INFO] [stdout] 172 |                 while value.uabs() > Self::MAX {
[INFO] [stdout]     |                                      ^^^^^^^^^ expected `u128`, found `i128`
[INFO] [stdout] ...
[INFO] [stdout] 183 | leb_impl! { isize:usize i128:u128 i64:u64 i32:u32 i16:u16 i8:u8 }
[INFO] [stdout]     | ----------------------------------------------------------------- in this macro invocation
[INFO] [stdout]     |
[INFO] [stdout]     = note: this error originates in a macro (in Nightly builds, run with -Z macro-backtrace for more info)
[INFO] [stdout] help: you can convert an `i128` to `u128` and panic if the converted value wouldn't fit
[INFO] [stdout]     |
[INFO] [stdout] 172 |                 while value.uabs() > Self::MAX.try_into().unwrap() {
[INFO] [stdout]     |                                      ^^^^^^^^^^^^^^^^^^^^^^^^^^^^^
[INFO] [stdout] 
[INFO] [stdout] 
[INFO] [stdout] error[E0308]: mismatched types
[INFO] [stdout]    --> src/lib.rs:172:38
[INFO] [stdout]     |
[INFO] [stdout] 172 |                 while value.uabs() > Self::MAX {
[INFO] [stdout]     |                                      ^^^^^^^^^ expected `u128`, found `i128`
[INFO] [stdout] ...
[INFO] [stdout] 183 | leb_impl! { isize:usize i128:u128 i64:u64 i32:u32 i16:u16 i8:u8 }
[INFO] [stdout]     | ----------------------------------------------------------------- in this macro invocation
[INFO] [stdout]     |
[INFO] [stdout]     = note: this error originates in a macro (in Nightly builds, run with -Z macro-backtrace for more info)
[INFO] [stdout] help: you can convert an `i128` to `u128` and panic if the converted value wouldn't fit
[INFO] [stdout]     |
[INFO] [stdout] 172 |                 while value.uabs() > Self::MAX.try_into().unwrap() {
[INFO] [stdout]     |                                      ^^^^^^^^^^^^^^^^^^^^^^^^^^^^^
[INFO] [stdout] 
[INFO] [stdout] 
[INFO] [stdout] error[E0308]: mismatched types
[INFO] [stdout]    --> src/lib.rs:172:38
[INFO] [stdout]     |
[INFO] [stdout] 172 |                 while value.uabs() > Self::MAX {
[INFO] [stdout]     |                                      ^^^^^^^^^ expected `u64`, found `i64`
[INFO] [stdout] ...
[INFO] [stdout] 183 | leb_impl! { isize:usize i128:u128 i64:u64 i32:u32 i16:u16 i8:u8 }
[INFO] [stdout]     | ----------------------------------------------------------------- in this macro invocation
[INFO] [stdout]     |
[INFO] [stdout]     = note: this error originates in a macro (in Nightly builds, run with -Z macro-backtrace for more info)
[INFO] [stdout] help: you can convert an `i64` to `u64` and panic if the converted value wouldn't fit
[INFO] [stdout]     |
[INFO] [stdout] 172 |                 while value.uabs() > Self::MAX.try_into().unwrap() {
[INFO] [stdout]     |                                      ^^^^^^^^^^^^^^^^^^^^^^^^^^^^^
[INFO] [stdout] 
[INFO] [stdout] 
[INFO] [stdout] error[E0308]: mismatched types
[INFO] [stdout]    --> src/lib.rs:172:38
[INFO] [stdout]     |
[INFO] [stdout] 172 |                 while value.uabs() > Self::MAX {
[INFO] [stdout]     |                                      ^^^^^^^^^ expected `u32`, found `i32`
[INFO] [stdout] ...
[INFO] [stdout] 183 | leb_impl! { isize:usize i128:u128 i64:u64 i32:u32 i16:u16 i8:u8 }
[INFO] [stdout]     | ----------------------------------------------------------------- in this macro invocation
[INFO] [stdout]     |
[INFO] [stdout]     = note: this error originates in a macro (in Nightly builds, run with -Z macro-backtrace for more info)
[INFO] [stdout] help: you can convert an `i32` to `u32` and panic if the converted value wouldn't fit
[INFO] [stdout]     |
[INFO] [stdout] 172 |                 while value.uabs() > Self::MAX.try_into().unwrap() {
[INFO] [stdout]     |                                      ^^^^^^^^^^^^^^^^^^^^^^^^^^^^^
[INFO] [stdout] 
[INFO] [stdout] 
[INFO] [stdout] error[E0308]: mismatched types
[INFO] [stdout]    --> src/lib.rs:172:38
[INFO] [stdout]     |
[INFO] [stdout] 172 |                 while value.uabs() > Self::MAX {
[INFO] [stdout]     |                                      ^^^^^^^^^ expected `u64`, found `i64`
[INFO] [stdout] ...
[INFO] [stdout] 183 | leb_impl! { isize:usize i128:u128 i64:u64 i32:u32 i16:u16 i8:u8 }
[INFO] [stdout]     | ----------------------------------------------------------------- in this macro invocation
[INFO] [stdout]     |
[INFO] [stdout]     = note: this error originates in a macro (in Nightly builds, run with -Z macro-backtrace for more info)
[INFO] [stdout] help: you can convert an `i64` to `u64` and panic if the converted value wouldn't fit
[INFO] [stdout]     |
[INFO] [stdout] 172 |                 while value.uabs() > Self::MAX.try_into().unwrap() {
[INFO] [stdout]     |                                      ^^^^^^^^^^^^^^^^^^^^^^^^^^^^^
[INFO] [stdout] 
[INFO] [stdout] 
[INFO] [stdout] error[E0308]: mismatched types
[INFO] [stdout]    --> src/lib.rs:172:38
[INFO] [stdout]     |
[INFO] [stdout] 172 |                 while value.uabs() > Self::MAX {
[INFO] [stdout]     |                                      ^^^^^^^^^ expected `u16`, found `i16`
[INFO] [stdout] ...
[INFO] [stdout] 183 | leb_impl! { isize:usize i128:u128 i64:u64 i32:u32 i16:u16 i8:u8 }
[INFO] [stdout]     | ----------------------------------------------------------------- in this macro invocation
[INFO] [stdout]     |
[INFO] [stdout]     = note: this error originates in a macro (in Nightly builds, run with -Z macro-backtrace for more info)
[INFO] [stdout] help: you can convert an `i16` to `u16` and panic if the converted value wouldn't fit
[INFO] [stdout]     |
[INFO] [stdout] 172 |                 while value.uabs() > Self::MAX.try_into().unwrap() {
[INFO] [stdout]     |                                      ^^^^^^^^^^^^^^^^^^^^^^^^^^^^^
[INFO] [stdout] 
[INFO] [stdout] 
[INFO] [stdout] error[E0308]: mismatched types
[INFO] [stdout]    --> src/lib.rs:172:38
[INFO] [stdout]     |
[INFO] [stdout] 172 |                 while value.uabs() > Self::MAX {
[INFO] [stdout]     |                                      ^^^^^^^^^ expected `u32`, found `i32`
[INFO] [stdout] ...
[INFO] [stdout] 183 | leb_impl! { isize:usize i128:u128 i64:u64 i32:u32 i16:u16 i8:u8 }
[INFO] [stdout]     | ----------------------------------------------------------------- in this macro invocation
[INFO] [stdout]     |
[INFO] [stdout]     = note: this error originates in a macro (in Nightly builds, run with -Z macro-backtrace for more info)
[INFO] [stdout] help: you can convert an `i32` to `u32` and panic if the converted value wouldn't fit
[INFO] [stdout]     |
[INFO] [stdout] 172 |                 while value.uabs() > Self::MAX.try_into().unwrap() {
[INFO] [stdout]     |                                      ^^^^^^^^^^^^^^^^^^^^^^^^^^^^^
[INFO] [stdout] 
[INFO] [stdout] 
[INFO] [stdout] error[E0308]: mismatched types
[INFO] [stdout]    --> src/lib.rs:172:38
[INFO] [stdout]     |
[INFO] [stdout] 172 |                 while value.uabs() > Self::MAX {
[INFO] [stdout]     |                                      ^^^^^^^^^ expected `u16`, found `i16`
[INFO] [stdout] ...
[INFO] [stdout] 183 | leb_impl! { isize:usize i128:u128 i64:u64 i32:u32 i16:u16 i8:u8 }
[INFO] [stdout]     | ----------------------------------------------------------------- in this macro invocation
[INFO] [stdout]     |
[INFO] [stdout]     = note: this error originates in a macro (in Nightly builds, run with -Z macro-backtrace for more info)
[INFO] [stdout] help: you can convert an `i16` to `u16` and panic if the converted value wouldn't fit
[INFO] [stdout]     |
[INFO] [stdout] 172 |                 while value.uabs() > Self::MAX.try_into().unwrap() {
[INFO] [stdout]     |                                      ^^^^^^^^^^^^^^^^^^^^^^^^^^^^^
[INFO] [stdout] 
[INFO] [stdout] 
[INFO] [stdout] error[E0308]: mismatched types
[INFO] [stdout]    --> src/lib.rs:172:38
[INFO] [stdout]     |
[INFO] [stdout] 172 |                 while value.uabs() > Self::MAX {
[INFO] [stdout]     |                                      ^^^^^^^^^ expected `u8`, found `i8`
[INFO] [stdout] ...
[INFO] [stdout] 183 | leb_impl! { isize:usize i128:u128 i64:u64 i32:u32 i16:u16 i8:u8 }
[INFO] [stdout]     | ----------------------------------------------------------------- in this macro invocation
[INFO] [stdout]     |
[INFO] [stdout]     = note: this error originates in a macro (in Nightly builds, run with -Z macro-backtrace for more info)
[INFO] [stdout] help: you can convert an `i8` to `u8` and panic if the converted value wouldn't fit
[INFO] [stdout]     |
[INFO] [stdout] 172 |                 while value.uabs() > Self::MAX.try_into().unwrap() {
[INFO] [stdout]     |                                      ^^^^^^^^^^^^^^^^^^^^^^^^^^^^^
[INFO] [stdout] 
[INFO] [stdout] 
[INFO] [stdout] error[E0308]: mismatched types
[INFO] [stdout]    --> src/lib.rs:172:38
[INFO] [stdout]     |
[INFO] [stdout] 172 |                 while value.uabs() > Self::MAX {
[INFO] [stdout]     |                                      ^^^^^^^^^ expected `u8`, found `i8`
[INFO] [stdout] ...
[INFO] [stdout] 183 | leb_impl! { isize:usize i128:u128 i64:u64 i32:u32 i16:u16 i8:u8 }
[INFO] [stdout]     | ----------------------------------------------------------------- in this macro invocation
[INFO] [stdout]     |
[INFO] [stdout]     = note: this error originates in a macro (in Nightly builds, run with -Z macro-backtrace for more info)
[INFO] [stdout] help: you can convert an `i8` to `u8` and panic if the converted value wouldn't fit
[INFO] [stdout]     |
[INFO] [stdout] 172 |                 while value.uabs() > Self::MAX.try_into().unwrap() {
[INFO] [stdout]     |                                      ^^^^^^^^^^^^^^^^^^^^^^^^^^^^^
[INFO] [stdout] 
[INFO] [stdout] 
[INFO] [stdout] error: aborting due to 6 previous errors
[INFO] [stdout] 
[INFO] [stdout] 
[INFO] [stdout] For more information about this error, try `rustc --explain E0308`.
[INFO] [stdout] 
[INFO] [stderr] error: could not compile `lebicon`.
[INFO] [stderr] 
[INFO] [stderr] To learn more, run the command again with --verbose.
[INFO] [stderr] warning: build failed, waiting for other jobs to finish...
[INFO] [stdout] error: aborting due to 6 previous errors
[INFO] [stdout] 
[INFO] [stdout] 
[INFO] [stdout] For more information about this error, try `rustc --explain E0308`.
[INFO] [stdout] 
[INFO] [stderr] error: build failed
[INFO] running `Command { std: "docker" "inspect" "9e1c8cb89fbf70cd105f9d064bc6b090a31bb1a81dc9fe728f357af8c57948c8", kill_on_drop: false }`
[INFO] running `Command { std: "docker" "rm" "-f" "9e1c8cb89fbf70cd105f9d064bc6b090a31bb1a81dc9fe728f357af8c57948c8", kill_on_drop: false }`
[INFO] [stdout] 9e1c8cb89fbf70cd105f9d064bc6b090a31bb1a81dc9fe728f357af8c57948c8
